{"id":234,"date":"2026-03-05T17:16:35","date_gmt":"2026-03-05T16:16:35","guid":{"rendered":"https:\/\/madgren.com\/?page_id=234"},"modified":"2026-03-07T23:38:15","modified_gmt":"2026-03-07T22:38:15","slug":"mission","status":"publish","type":"page","link":"https:\/\/madgren.com\/index.php\/mission\/","title":{"rendered":"Notre Mission"},"content":{"rendered":"<div id=\"pl-234\"  class=\"panel-layout\" ><div id=\"pg-234-0\"  class=\"panel-grid panel-no-style\" ><div id=\"pgc-234-0-0\"  class=\"panel-grid-cell\" ><div id=\"panel-234-0-0-0\" class=\"so-panel widget widget_sow-image panel-first-child\" data-index=\"0\" ><div\n\t\t\t\n\t\t\tclass=\"so-widget-sow-image so-widget-sow-image-default-8b5b6f678277-234\"\n\t\t\t\n\t\t>\n<div class=\"sow-image-container\">\n\t\t<img \n\tsrc=\"https:\/\/madgren.com\/wp-content\/uploads\/2026\/03\/Our-mission-fr.png\" title=\"Notre Mission\" alt=\"\" \t\tclass=\"so-widget-image\"\/>\n\t<\/div>\n\n<\/div><\/div><div id=\"panel-234-0-0-1\" class=\"so-panel widget widget_sow-editor panel-last-child\" data-index=\"1\" ><div\n\t\t\t\n\t\t\tclass=\"so-widget-sow-editor so-widget-sow-editor-base\"\n\t\t\t\n\t\t>\n<div class=\"siteorigin-widget-tinymce textwidget\">\n\t<p><!-- wp:paragraph {\"customFontSize\":20} --><\/p>\n<p style=\"font-size: 20px;\">La mission de MADGREN GROUP est de <strong>faciliter les \u00e9changes internationaux et le d\u00e9veloppement de projets strat\u00e9giques<\/strong> en apportant des solutions adapt\u00e9es aux d\u00e9fis du commerce global.<\/p>\n<p><!-- \/wp:paragraph --><!-- wp:paragraph {\"customFontSize\":20} --><\/p>\n<p style=\"font-size: 20px;\">Nous aidons nos partenaires \u00e0 :<\/p>\n<p><!-- \/wp:paragraph --><!-- wp:list {\"customFontSize\":20} --><\/p>\n<ul class=\"wp-block-list\" style=\"font-size: 20px;\"><!-- wp:list-item --><\/p>\n<li>identifier de nouvelles opportunit\u00e9s de march\u00e9<\/li>\n<p><!-- \/wp:list-item --><!-- wp:list-item --><\/p>\n<li>structurer des transactions internationales<\/li>\n<p><!-- \/wp:list-item --><!-- wp:list-item --><\/p>\n<li>s\u00e9curiser leurs cha\u00eenes d\u2019approvisionnement<\/li>\n<p><!-- \/wp:list-item --><!-- wp:list-item --><\/p>\n<li>d\u00e9velopper des projets \u00e9nerg\u00e9tiques et industriels<\/li>\n<p><!-- \/wp:list-item --><!-- wp:list-item --><\/p>\n<li>\u00e9tablir des partenariats strat\u00e9giques \u00e0 long terme<\/li>\n<p><!-- \/wp:list-item --><\/ul>\n<p><!-- \/wp:list --><!-- wp:image {\"id\":273,\"sizeSlug\":\"large\",\"linkDestination\":\"none\"} --><\/p>\n<figure class=\"wp-block-image size-large\"><\/figure>\n<p><!-- \/wp:image --><\/p>\n<\/div>\n<\/div><\/div><\/div><\/div><\/div>","protected":false},"excerpt":{"rendered":"<p>La mission de MADGREN GROUP est de faciliter les \u00e9changes internationaux et le d\u00e9veloppement de projets strat\u00e9giques en apportant des solutions adapt\u00e9es aux d\u00e9fis du commerce global. Nous aidons nos partenaires \u00e0 : identifier de nouvelles opportunit\u00e9s de march\u00e9 structurer des transactions internationales s\u00e9curiser leurs cha\u00eenes d\u2019approvisionnement d\u00e9velopper des projets \u00e9nerg\u00e9tiques et industriels \u00e9tablir des [&hellip;]<\/p>\n","protected":false},"author":1,"featured_media":0,"parent":0,"menu_order":0,"comment_status":"closed","ping_status":"closed","template":"","meta":{"_coblocks_attr":"","_coblocks_dimensions":"","_coblocks_responsive_height":"","_coblocks_accordion_ie_support":"","footnotes":""},"class_list":["post-234","page","type-page","status-publish","hentry","post"],"_links":{"self":[{"href":"https:\/\/madgren.com\/index.php\/wp-json\/wp\/v2\/pages\/234","targetHints":{"allow":["GET"]}}],"collection":[{"href":"https:\/\/madgren.com\/index.php\/wp-json\/wp\/v2\/pages"}],"about":[{"href":"https:\/\/madgren.com\/index.php\/wp-json\/wp\/v2\/types\/page"}],"author":[{"embeddable":true,"href":"https:\/\/madgren.com\/index.php\/wp-json\/wp\/v2\/users\/1"}],"replies":[{"embeddable":true,"href":"https:\/\/madgren.com\/index.php\/wp-json\/wp\/v2\/comments?post=234"}],"version-history":[{"count":6,"href":"https:\/\/madgren.com\/index.php\/wp-json\/wp\/v2\/pages\/234\/revisions"}],"predecessor-version":[{"id":368,"href":"https:\/\/madgren.com\/index.php\/wp-json\/wp\/v2\/pages\/234\/revisions\/368"}],"wp:attachment":[{"href":"https:\/\/madgren.com\/index.php\/wp-json\/wp\/v2\/media?parent=234"}],"curies":[{"name":"wp","href":"https:\/\/api.w.org\/{rel}","templated":true}]}}