{"id":393,"date":"2026-03-08T00:28:01","date_gmt":"2026-03-07T23:28:01","guid":{"rendered":"https:\/\/madgren.com\/?page_id=393"},"modified":"2026-03-08T00:28:01","modified_gmt":"2026-03-07T23:28:01","slug":"presence-internationale","status":"publish","type":"page","link":"https:\/\/madgren.com\/index.php\/presence-internationale\/","title":{"rendered":"Presence Internationale"},"content":{"rendered":"<div id=\"pl-393\"  class=\"panel-layout\" ><div id=\"pg-393-0\"  class=\"panel-grid panel-no-style\" ><div id=\"pgc-393-0-0\"  class=\"panel-grid-cell\" ><div id=\"panel-393-0-0-0\" class=\"so-panel widget widget_sow-image panel-first-child\" data-index=\"0\" ><div\n\t\t\t\n\t\t\tclass=\"so-widget-sow-image so-widget-sow-image-default-8b5b6f678277-393\"\n\t\t\t\n\t\t>\n<div class=\"sow-image-container\">\n\t\t<img \n\tsrc=\"https:\/\/madgren.com\/wp-content\/uploads\/2026\/03\/inter-presence.jpeg\" title=\"Presence Internationale\" alt=\"\" \t\tclass=\"so-widget-image\"\/>\n\t<\/div>\n\n<\/div><\/div><div id=\"panel-393-0-0-1\" class=\"so-panel widget widget_sow-editor panel-last-child\" data-index=\"1\" ><div class=\"panel-widget-style panel-widget-style-for-393-0-0-1\" ><div\n\t\t\t\n\t\t\tclass=\"so-widget-sow-editor so-widget-sow-editor-base\"\n\t\t\t\n\t\t>\n<div class=\"siteorigin-widget-tinymce textwidget\">\n\t<h2 data-section-id=\"1peokny\" data-start=\"115\" data-end=\"164\">Perspective globale, partenariats strat\u00e9giques<\/h2>\n<p data-start=\"166\" data-end=\"335\">MADGREN Group op\u00e8re \u00e0 travers des partenariats internationaux et des r\u00e9seaux professionnels favorisant la collaboration transfrontali\u00e8re et les initiatives strat\u00e9giques.<\/p>\n<p data-start=\"337\" data-end=\"599\">Avec des bureaux aux <strong data-start=\"358\" data-end=\"384\">\u00c9tats-Unis et au Maroc<\/strong>, la soci\u00e9t\u00e9 travaille avec des partenaires, des institutions et des investisseurs dans plusieurs r\u00e9gions afin de faciliter le d\u00e9veloppement de projets internationaux et la mise en place de coop\u00e9rations structur\u00e9es.<\/p>\n<p data-start=\"601\" data-end=\"839\">MADGREN accompagne des initiatives en <strong data-start=\"639\" data-end=\"701\">Am\u00e9rique du Nord, en Europe, au Moyen-Orient et en Afrique<\/strong>, en fournissant des services de conseil strat\u00e9gique, de structuration de projets et de coordination pour des initiatives internationales.<\/p>\n<p data-start=\"841\" data-end=\"1038\">Gr\u00e2ce \u00e0 son r\u00e9seau international, la soci\u00e9t\u00e9 connecte les parties prenantes, facilite les partenariats et soutient le d\u00e9veloppement d\u2019initiatives durables et \u00e0 fort impact sur les march\u00e9s mondiaux.<\/p>\n<\/div>\n<\/div><\/div><\/div><\/div><\/div><\/div>","protected":false},"excerpt":{"rendered":"<p>Perspective globale, partenariats strat\u00e9giques MADGREN Group op\u00e8re \u00e0 travers des partenariats internationaux et des r\u00e9seaux professionnels favorisant la collaboration transfrontali\u00e8re et les initiatives strat\u00e9giques. Avec des bureaux aux \u00c9tats-Unis et au Maroc, la soci\u00e9t\u00e9 travaille avec des partenaires, des institutions et des investisseurs dans plusieurs r\u00e9gions afin de faciliter le d\u00e9veloppement de projets internationaux et [&hellip;]<\/p>\n","protected":false},"author":1,"featured_media":0,"parent":0,"menu_order":0,"comment_status":"closed","ping_status":"closed","template":"","meta":{"_coblocks_attr":"","_coblocks_dimensions":"","_coblocks_responsive_height":"","_coblocks_accordion_ie_support":"","footnotes":""},"class_list":["post-393","page","type-page","status-publish","hentry","post"],"_links":{"self":[{"href":"https:\/\/madgren.com\/index.php\/wp-json\/wp\/v2\/pages\/393","targetHints":{"allow":["GET"]}}],"collection":[{"href":"https:\/\/madgren.com\/index.php\/wp-json\/wp\/v2\/pages"}],"about":[{"href":"https:\/\/madgren.com\/index.php\/wp-json\/wp\/v2\/types\/page"}],"author":[{"embeddable":true,"href":"https:\/\/madgren.com\/index.php\/wp-json\/wp\/v2\/users\/1"}],"replies":[{"embeddable":true,"href":"https:\/\/madgren.com\/index.php\/wp-json\/wp\/v2\/comments?post=393"}],"version-history":[{"count":1,"href":"https:\/\/madgren.com\/index.php\/wp-json\/wp\/v2\/pages\/393\/revisions"}],"predecessor-version":[{"id":394,"href":"https:\/\/madgren.com\/index.php\/wp-json\/wp\/v2\/pages\/393\/revisions\/394"}],"wp:attachment":[{"href":"https:\/\/madgren.com\/index.php\/wp-json\/wp\/v2\/media?parent=393"}],"curies":[{"name":"wp","href":"https:\/\/api.w.org\/{rel}","templated":true}]}}